939633*p + 6577515. Give l(7).
35
Let t(y) = -y**3 - 14*y**2 - 331*y - 4122. Give t(-13).
12
Let v(k) = -75702*k - 605622. Give v(-8).
-6
Let c(j) = -j**2 + 8170016*j + 65360191. Determine c(-8).
-1
Let f(h) = -29*h**3 + 9*h**2 - 5*h. Determine f(2).
-206
Let f(k) = k**3 - 1069*k**2 - 79725*k + 340. Determine f(-70).
-10
Let k(n) = 9412*n + 856491. Give k(-91).
-1
Let s(b) = -b**2 - 56*b + 65808. What is s(230)?
28
Let i(y) = -840022*y - 5. Calculate i(0).
-5
Let r(y) = -1983*y - 2264. Give r(-2).
1702
Let d(p) = -79*p**2 - 377*p - 1179. Give d(-3).
-759
Let y(o) = o**3 + 184*o**2 + 1044*o - 129. Give y(-6).
15
Let x(p) = -p**3 - 8*p**2 + 120*p + 503. Determine x(-14).
-1
Let x(a) = -84*a**2 - 2226*a - 10323. Determine x(-6).
9
Let t(i) = -2485*i + 52223. Determine t(21).
38
Let h(u) = -33131*u + 63890. Determine h(2).
-2372
Let s(d) = 36*d**2 - 7199*d - 216. Give s(200).
-16
Let d(m) = m**3 + 373*m**2 + 207*m - 61387. Calculate d(-372).
-7
Let b(d) = 78860*d + 3154395. Give b(-40).
-5
Let k(x) = x**3 + 72*x**2 + 85*x - 16704. Determine k(-67).
46
Let k(w) = 6541*w - 19569. What is k(3)?
54
Let x(l) = 113511*l - 1021617. What is x(9)?
-18
Let c(b) = -b**3 + 84*b**2 + 9249*b - 747. Determine c(-63).
9
Let y(v) = 22344*v + 44687. Give y(-2).
-1
Let c(o) = -871*o - 56624. Calculate c(-65).
-9
Let y(o) = 309*o**2 + 4026*o + 220. Calculate y(-13).
103
Let g(j) = -76*j**2 + 1894*j - 11796. Calculate g(12).
-12
Let v(y) = -y**2 - 43*y + 942. What is v(20)?
-318
Let l(t) = -t**3 - 4318*t**2 + 56318*t - 189. Determine l(13).
6
Let j(y) = y**3 - 214*y**2 - 1761*y - 231. Give j(222).
3099
Let f(n) = -61*n**3 + 2*n**2 + 68*n + 136. Give f(-2).
496
Let s(j) = 3*j**3 - 23*j**2 + 20*j + 43. Determine s(-4).
-597
Let d(z) = -1794*z - 50195. What is d(-28)?
37
Let u(f) = -123017*f + 4. Give u(0).
4
Let g(j) = -718*j - 18021. Give g(-26).
647
Let k(s) = -84696*s + 253591. Determine k(3).
-497
Let c(f) = -f**3 + 15*f**2 + 6073*f - 73320. Give c(12).
-12
Let q(t) = t**3 + 7*t**2 + 96*t + 718. Calculate q(-9).
-308
Let l(h) = -2*h**3 + 467*h**2 - 8351*h + 1096. Give l(214).
26
Let b(a) = 10897*a - 54445. Calculate b(5).
40
Let p(q) = 101*q**2 - 5262*q + 99. Give p(52).
-421
Let m(p) = -335*p - 134057. What is m(-400)?
-57
Let v(p) = -5*p**2 - 360*p + 16637. Calculate v(32).
-3
Let r(x) = x**3 - 131*x**2 - 120*x + 15929. Determine r(131).
209
Let a(v) = -9*v**2 + 263*v - 1270. Determine a(5).
-180
Let c(n) = n**3 + 29*n**2 - 88*n - 1625. What is c(-30)?
115
Let v(n) = n**3 - 131*n**2 + 2707*n + 163. Calculate v(26).
-435
Let k(v) = -78*v + 16095. What is k(210)?
-285
Let t(w) = -w**2 + 7972*w + 72. Calculate t(0).
72
Let o(j) = 32315*j + 1098526. What is o(-34)?
-184
Let c(o) = -11*o**2 + 8304*o - 56832. Give c(748).
16
Let f(o) = o**3 + 21*o**2 - 426*o - 255. Determine f(13).
-47
Let q(k) = -2*k**3 - 867*k**2 + 12985*k - 2952. Determine q(-448).
184
Let n(r) = -1379*r + 75572. Determine n(55).
-273
Let a(g) = 404*g - 5386. What is a(21)?
3098
Let x(f) = -f**3 + 3*f**2 + 37*f + 18. Determine x(11).
-543
Let m(f) = -3934*f + 59578. Determine m(15).
568
Let o(y) = -13*y**3 - 81*y**2 + 55*y + 419. Give o(-6).
-19
Let d(u) = -35063*u + 3085559. What is d(88)?
15
Let c(i) = -i**2 + 39913*i - 478801. Give c(12).
11
Let w(d) = 45*d**2 + 76*d - 58. What is w(-2)?
-30
Let u(k) = -123*k**3 + 8865*k**2 - 648*k - 5. What is u(72)?
-5
Let m(y) = -5*y**2 + 41*y - 12. Determine m(8).
-4
Let k(w) = w**2 + 13578*w + 433440. Give k(-32).
-32
Let y(r) = -r**2 - 29226*r - 379978. Give y(-13).
-209
Let l(o) = -o**2 - 93134*o - 372523. What is l(-4)?
-3
Let i(b) = -92*b + 8834. What is i(98)?
-182
Let u(m) = 70963*m**2 - 4825489*m + 334. Determine u(68).
-6
Let f(p) = -p**2 + 78*p - 168. What is f(4)?
128
Let i(l) = 138*l - 8732. Calculate i(60).
-452
Let s(m) = 52*m - 3508. What is s(58)?
-492
Let j(z) = -10631*z - 6251024. Give j(-588).
4
Let i(m) = -m**3 - 37*m**2 + 166*m - 186. Calculate i(-41).
-268
Let x(q) = -4070*q - 500541. Calculate x(-123).
69
Let u(o) = 24*o**2 - 8990*o - 44949. Calculate u(-5).
601
Let x(n) = 30*n**2 + 6478*n - 96575. Calculate x(14).
-3
Let i(g) = -g**3 - 54*g**2 + 8125*g + 422176. Determine i(-51).
-2
Let o(v) = -v**2 - 62*v + 565. Determine o(16).
-683
Let o(b) = 1544*b**3 + 7*b**2 - 26*b - 33. Calculate o(-1).
-1544
Let f(o) = -28*o**2 + 30256*o + 90743. Calculate f(-3).
-277
Let l(s) = 11650*s - 1770950. Determine l(152).
-150
Let y(k) = k**2 + 77*k - 3705. Give y(-110).
-75
Let d(g) = -2*g**3 + 7*g**2 + 57*g + 53. What is d(11)?
-1135
Let g(p) = -3*p**2 + 8297*p - 5016877. What is g(893)?
-3
Let z(c) = c**3 - 29*c**2 - 8*c + 967. Give z(28).
-41
Let b(n) = -5506*n + 8963790. Give b(1628).
22
Let l(j) = -17860*j - 53641. Give l(-3).
-61
Let d(q) = -162*q - 6375. Give d(-42).
429
Let a(i) = -51*i**2 + 11*i. Give a(-4).
-860
Let y(i) = i**3 + 79*i**2 + 88*i + 6970. Determine y(-79).
18
Let w(g) = 8872*g + 833965. What is w(-94)?
-3
Let a(b) = -2679*b + 2386. What is a(1)?
-293
Let k(i) = i**3 + 95*i**2 + 8*i + 29591. What is k(-98)?
-5
Let r(l) = 6733*l**2 - 67278*l - 511. What is r(10)?
9
Let f(d) = 5*d**3 + 117*d**2 - 66*d - 1374. What is f(-24)?
-1518
Let q(z) = 386*z + 126960. Give q(-329).
-34
Let f(k) = -7*k**3 + 91*k**2 + 1074*k + 17. Give f(-7).
-641
Let t(v) = -110447*v - 110. Determine t(0).
-110
Let x(p) = -p**3 - 72*p**2 - 55*p + 804. What is x(-71)?
-332
Let c(i) = 12*i**2 + 236*i - 4499. Give c(12).
61
Let f(n) = n**2 - 3714*n - 14880. What is f(-4)?
-8
Let m(i) = 1659*i - 20197. Calculate m(12).
-289
Let d(k) = 10*k**2 + 55*k - 239. Determine d(5).
286
Let i(f) = -3*f**3 - 638*f**2 - 434*f - 2078. Give i(-212).
42
Let c(y) = -y**2 + 89*y + 225. What is c(34)?
2095
Let q(k) = -15*k**3 - 391*k + 29. Give q(0).
29
Let s(r) = r**3 - 12*r**2 + 488*r - 4198. Give s(9).
-49
Let p(x) = -13*x**2 - 1502*x - 7532. What is p(-5)?
-347
Let b(v) = -5288*v - 5458. What is b(-1)?
-170
Let b(l) = 275822*l + 1103335. Calculate b(-4).
47
Let d(c) = -209*c + 11717. Calculate d(58).
-405
Let m(y) = 405*y**2 + 19447*y + 281. Determine m(-48).
-55
Let u(n) = -2917*n + 14251. What is u(5)?
-334
Let j(g) = 2*g**2 - 1680*g - 8541. What is j(-5)?
-91
Let d(m) = -4721*m - 132167. What is d(-28)?
21
Let g(b) = 525754*b - 42. Give g(0).
-42
Let k(g) = 11*g**2 - 842*g - 439. Determine k(77).
-54
Let i(w) = -22*w**2 - 881*w - 2480. What is i(-37)?
-1
Let l(n) = 329*n + 2510. Determine l(-8).
-122
Let h(m) = -235*m - 2303. Determine h(-13).
752
Let m(d) = 128*d**2 + 74*d + 284. Give m(-7).
6038
Let v(p) = -109*p**3 - 2*p**2 - 47*p - 84. Calculate v(-2).
874
Let i(b) = b**2 - 1645*b + 122224. Determine i(1567).
-2
Let q(t) = 2669*t - 56043. What is q(21)?
6
Let r(i) = 3*i**3 + 14*i**2 + 32*i - 55. Give r(-7).
-622
Let m(d) = -16521*d + 760056. Determine m(46).
90
Let q(j) = 19496*j - 2651452. Determine q(136).
4
Let o(l) = l**2 + 27*l + 83. What is o(-25)?
33
Let f(d) = 2*d**2 - 7843*d - 268980. Calculate f(-34).
-6
Let a(r) = 935*r - 22479. Determine a(24).
-39
Let p(g) = 8031*g + 313212. Determine p(-39).
3
Let z(j) = 58*j**3 - 1799*j**2 + 29*j + 67. Determine z(31).
5
Let s(l) = -l**3 + 488*l**2 - 977*l + 4. Calculate s(2).
-6
Let u(g) = -9*g**2 - 181*g + 272. What is u(-22)?
-102
Let r(d) = -d**3 + 124*d**2 - 3429*d - 1153. What is r(82)?
77
Let m(b) = 72*b + 4167. Calculate m(-15).
3087
Let h(r) = 90*r + 26866. Determine h(-298).
46
Let o(m) = 105*m + 502. What is o(-3)?
187
Let w(s) = -183*s - 23376. Give w(-128).
48
Let f(s) = 164*s + 24907. Determine f(-153).
-185
Let a(r) = -2*r**3 + 282*r**2 - 5792*r - 194. What is a(25)?
6
Let l(q) = -q**3 + 8*q**2 + 3334*q - 6182. Calculate l(61).
-21
Let f(t) = -15071*t**2 + 7. Calculate f(0).
7
Let u(q) = 2424*q**2 + 458*q + 452. What is u(-1)?
2418
Let p(v) = -623305*v + 623307. What is p(1)?
2
Let a(z) = z**2 - 16439*z + 1503927. Calculate a(92).
3
Let s(q) = -q**3 - 3*q**2 - 1922*q - 11518. Give s(-6).
122
Let j(z) = -5*z**3 + 3538*z**2 - 9164*z - 567. What is j(705)?
138
Let y(q) = 2799*q**2 + 848097*q + 20. What is y(-303)?
20
Let b(c) = -252*c**2 + 14911*c + 12553. What is b(60)?
13
Let i(a) = 174*a**2 - 7340*a + 1322. What is i(42)?
-22
Let f(v) = 5*v**2 - 538*v - 186. Give f(106).
-1034
Let l(c) = 11*c**3 - 116*c